(b). What is the highest common divisor of 1 and j?
1
Let l(t) = -4 + 5*t**2 + 0 - 4*t - 3*t**2 + 19*t**2. Let z be l(2). What is the greatest common divisor of z and 18?
18
Suppose 2 - 7 = r - 2*a, 4*r = -a + 16. Suppose 0*o - r*o = -54. Suppose 3*f - 136 - 26 = 0. What is the highest common factor of o and f?
18
Suppose -3*i = -18*h + 14*h - 461, 2*h + 248 = -2*i. Let s = 174 + h. Let p = -17 + 22. Calculate the highest common divisor of p and s.
5
Let h(w) = 4*w - 25. Let n be h(11). Let d = -9 + n. Let c(t) = t**2 - 11*t - 20. Let x be c(-9). Calculate the greatest common divisor of d and x.
10
Let q(y) = -5*y - 83. Let m be q(-17). Suppose 0 = -m*f + 35 + 397. Suppose -6*i + 9*i = f. What is the highest common divisor of 48 and i?
24
Let q be (22 - 8)*(-1)/2. Let t be q/(-28) + (-129)/(-12). Suppose 0*j - 3*m + 3 = -3*j, 3*j - 4*m = -5. What is the highest common factor of j and t?
1
Suppose -917*o + 70 = -903*o. Calculate the highest common factor of o and 304.
1
Let h(j) be the third derivative of -j**6/120 - 7*j**5/60 + 9*j**4/8 + 11*j**3/2 + 26*j**2. Let q be h(-10). What is the highest common factor of 168 and q?
21
Let u = 2978 - 1207. What is the highest common factor of u and 7?
7
Let l be 6315 + (-37)/((-814)/440). What is the highest common factor of 315 and l?
35
Let h = 118 + -108. Let t = 14 + -10. Suppose -5*q = -15, q - t*q = -4*g + 151. Calculate the highest common factor of h and g.
10
Suppose 6*o - 2*o = 128. Let k be 81 - 58 - 1645/(-5). Calculate the highest common divisor of o and k.
32
Suppose -3*k = -33 - 9. Let z(i) = i**2 + 169*i + 7194. Let v be z(-83). What is the highest common divisor of v and k?
14
Suppose -2*h + 0*q + 128 = -3*q, 5*h - q - 333 = 0. Let k = -46 + h. Let s be (-1)/((-3)/2) + 469/k. What is the greatest common factor of s and 23?
23
Let g(q) = 2*q**2 + 4*q + 44. Let n be g(0). Let a(f) = 63*f**2 - 3*f - 2. Let o be a(-1). Let v = -53 + o. What is the greatest common divisor of n and v?
11
Let v = 9174 - 8994. What is the greatest common factor of v and 855?
45
Let l be (-1)/(7/(-122))*7. Let u = l - 84. Calculate the greatest common divisor of 19 and u.
19
Suppose -15*v + 37*v - 6*v - 24656 = 0. What is the greatest common divisor of 134 and v?
67
Let l be (32/3)/((-2)/(-3)). Let w be (-8)/20*21*(-10)/4. Suppose 60 = w*b - l*b. What is the highest common factor of b and 18?
6
Let i(b) = -b**2 + 76*b + 734. Let x be i(81). Calculate the highest common factor of 47 and x.
47
Let u be (-21)/(-14)*(-201664)/(-69). Calculate the highest common factor of 32 and u.
32
Let f = -18910 + 22662. What is the highest common divisor of f and 224?
56
Suppose 0 = 14*r - 22*r. Suppose 4*j + q = -j + 4645, -2*j + 3*q + 1841 = r. Calculate the highest common divisor of 29 and j.
29
Suppose -147*x + 28728 = -21*x. Calculate the highest common divisor of 804 and x.
12
Let k(s) = 869*s**3 - 10*s**2 + 20*s + 7. Let q be k(3). What is the greatest common factor of 10 and q?
10
Suppose 4*m + 467 = 1295. Calculate the highest common factor of m and 1104.
69
Let p be 4115/15 + ((-70)/15)/(-7). Let m = -88 + p. Suppose -c = 3*c, 3*u - c = 51. What is the highest common factor of m and u?
17
Suppose 76*z + 85*z - 170*z + 1575 = 0. Suppose -v - 3*d + 76 = 0, 0*v - v - 5*d = -80. What is the greatest common factor of z and v?
35
Let l = -119 - -19. Let g be l/(-6) + ((-35)/(-15) - 2). Calculate the greatest common divisor of 119 and g.
17
Suppose 9*q - 59 - 67 = 0. Suppose 4899 = q*p - 6035. Calculate the highest common divisor of p and 71.
71
Let v(s) = 76*s - 4773. Let l be v(63). What is the highest common divisor of l and 2785?
5
Let o(j) = -j + 61. Let h be o(0). Suppose 6 = -59*w + h*w. Let b be w + (-2)/11 + (-63)/77. Calculate the highest common divisor of 8 and b.
2
Suppose 112 = 16*o - 23*o. Let m = 19 + o. Calculate the highest common factor of m and 21.
3
Let t = 101 + -97. Let m be t + (1 - 5) - 2 - -41. Let z = 38 - 25. Calculate the highest common factor of m and z.
13
Suppose -4*x + 7416 = -25*b + 20*b, 9311 = 5*x + 4*b. What is the highest common factor of x and 55?
11
Suppose -49*l + 564 = -45*l + o, 0 = -3*l - o + 424. Calculate the greatest common factor of l and 220.
20
Suppose 4*x = -3*r + 6752, 4*r - 4*x = -5*x + 8968. Calculate the greatest common divisor of r and 400.
80
Suppose 3*l = -c + 158, 5*l = -4*c - 20 + 295. Let y(s) = s**3 + 61*s**2 + 52*s - 477. Let i be y(-60). What is the greatest common factor of l and i?
3
Let p be (12/(-15))/(12/(-2790)). Suppose f = -2*g + 614, 11*f = -3*g + 572 + 292. What is the highest common factor of p and g?
62
Let n be (-4)/(-2) + -4 + 12/3. Suppose -5*l = 4*x + 37, 0 = 2*l - 6*l + n*x - 40. Let p be 5 + l/3 - (0 + 1). Calculate the greatest common divisor of 1 and p.
1
Suppose 9*l = 15 + 12. Let z(g) = 8*g**2 + 4*g - g**l + 2*g - 9*g + 9 + 2*g. Let c be z(4). Calculate the greatest common divisor of c and 23.
23
Suppose -45*h - 309 = -1856 - 1063. What is the greatest common divisor of 8468 and h?
58
Let v = -13008 - -13386. Calculate the greatest common factor of v and 6258.
42
Let v(y) = -110*y + 221. Let b be v(4). Let w = -170 - b. Calculate the highest common factor of w and 1.
1
Let z = -3904 - -5533. What is the greatest common factor of 36 and z?
9
Suppose 9*k - 714 = 12*k. Let f = k + 316. Calculate the highest common factor of 26 and f.
26
Let p(j) = -218*j + 5259. Let d be p(24). Calculate the greatest common factor of d and 2304.
9
Let z be (-296)/(-30) + 12/90. Suppose -75 - 475 = -z*y. What is the highest common factor of 33 and y?
11
Suppose i = -2*m + 726, 3*i + 78 - 2272 = 2*m. Suppose -755 = -15*p + i. Let x = 121 - p. What is the greatest common factor of 88 and x?
22
Let z be (-2 + -24)/(3/6). Let x = z - -136. Let y(g) = g**2 - 28*g - 1547. Let d be y(56). What is the highest common divisor of d and x?
21
Let s = 770 - 534. Let m = -26 + s. Let w(i) = -29*i**3 - 2*i - 1. Let c be w(-1). Calculate the greatest common factor of m and c.
30
Suppose 222*a = 294*a - 48384. What is the greatest common divisor of 1456 and a?
112
Let r(q) = -q**2 + 15*q - 16. Let i be r(13). Let v be ((-2)/(-3))/(i/105). Suppose y - 12 + v = 0. What is the greatest common factor of 1 and y?
1
Suppose -2*r + 876 = -2*g, 6*g = r + 4*g - 440. Suppose 8*o - 12 = r. What is the highest common factor of o and 588?
28
Let d = 357 - 183. Let b(g) = 7*g - 78. Let o be b(12). Calculate the greatest common factor of o and d.
6
Suppose 0 = -3*n - 0*n + 6. Suppose 3*x = -x - n*x. Suppose 4*u + 32 = f - 52, 4*f - 3*u - 375 = x. Calculate the highest common divisor of f and 6.
6
Let u = 725 - 697. What is the greatest common divisor of u and 9366?
14
Suppose 2*p = -39 - 5. Let f be (12/p)/(-3) - 1902/(-66). Calculate the greatest common factor of f and 58.
29
Let z be 12/(-8)*(125/(-15) + -1). What is the greatest common factor of 1351 and z?
7
Suppose 6*j - 38 = 1972. What is the greatest common factor of j and 25?
5
Let p be 72635/1095 - (-32)/(-6). Let d be (-61)/(1/(-9) - 0). Calculate the greatest common factor of p and d.
61
Suppose 0 = -46*n + 43*n + 12, -5*n + 150 = 5*v. Let f(o) = o - 4. Let h be f(6). Calculate the highest common factor of v and h.
2
Let j(g) = -g**3 + 8*g**2 + 5*g - 18. Let i be j(-4). Calculate the highest common factor of i and 319.
11
Let v = 8120 - 8103. Let i(c) = -c**3 + 9*c**2 + 5*c + 3. Let t be i(7). Calculate the highest common factor of v and t.
17
Let t(h) = h**3 - 3*h**2 - 30*h. Let v be t(8). Suppose 0 = 7*c - 2*c - v. Calculate the greatest common factor of 2 and c.
2
Let i(k) = 4*k - 62 - 20*k - 3*k + 9*k. Let p be i(-8). Calculate the highest common divisor of p and 306.
18
Let m = 5497 + -4628. Calculate the highest common factor of m and 44.
11
Suppose -3*s = 4*u - 81 + 24, -2*s + 5*u + 15 = 0. Let y be 7 + 3*740/s. What is the highest common factor of y and 62?
31
Suppose -y = -14*g + 15*g - 9, 0 = 5*y - 4*g. Let m(t) = -2*t**2 + 15*t - 10. Let x be m(y). Let l = 5 + 31. Calculate the highest common factor of x and l.
18
Suppose -29281 = 7*d - 4921. Let q be 8/(-28) - d/28. Let s = q - 82. What is the highest common divisor of s and 14?
14
Let k(y) = -8*y**3 - 7*y**2 + 2*y + 3. Let o(w) = -5*w - 38. Let f be o(-7). Let j be k